 - -32. Is a a composite number?
True
Let s(t) = -92*t + 9. Is s(-7) a composite number?
False
Is ((-76)/(-2))/(-12 - -14) a prime number?
True
Is ((-738)/4)/(-9)*10 a composite number?
True
Let g(a) = -2*a**3 - 13*a**2 - 11*a - 12. Let q be g(-9). Let y = -337 + q. Is y prime?
False
Let o be 7*(-7)/(49/(-12)). Suppose 0 = -5*n - c - 15, -4*n + 2*c - 12 = -0*n. Is ((-33)/4)/(n/o) composite?
True
Let c = -73 + 504. Is c a composite number?
False
Let k(v) = 3*v**2 + 2*v - 10. Is k(-15) a composite number?
True
Let r = -6 - -11. Suppose 3*s - 2*s + 5*z + 18 = 0, r*s + 3*z + 2 = 0. Suppose -3*x - 41 - 72 = -s*v, 5*x + 60 = v. Is v a prime number?
False
Let g(c) = c**2 + 4*c + 2. Let y be g(-1). Is -4 - -359 - 3 - y a prime number?
True
Let o(h) = 24*h + 14. Let r(t) = -24*t - 13. Let w(k) = -6*o(k) - 7*r(k). Let l be w(6). Suppose 4*q - 5*u = -4*u + l, -3*q + 102 = 3*u. Is q composite?
False
Is 107/(-1 + -2 + 7/2) prime?
False
Let w(m) = 44*m**2 - m + 10. Is w(-3) a prime number?
True
Let a(f) = -147*f - 2. Is a(-1) prime?
False
Let f(p) = -p**3 + 2*p**2 + 4*p - 4. Let x be f(3). Let t be ((-9)/(-15))/(x/(-5)). Suppose 0 = t*r - 3*n - 3, n + 13 = 5*r - 0*n. Is r a composite number?
False
Suppose -2*q - q - 15 = 0. Let x = -2 - q. Is (-176)/(-3) + (-2)/x composite?
True
Let v = 14 - 8. Suppose 0 = -n + 4*n. Suppose n*w - v = -w. Is w composite?
True
Suppose -5*j - 5 = -4*j - i, 3 = -i. Let p(s) = s**3 - 2*s**2 + 2. Let y be p(2). Let n = y - j. Is n a prime number?
False
Suppose 0 = -0*c + 5*c - 520. Suppose 2*u + s - 94 = -u, -3*u + s + c = 0. Is u a composite number?
True
Let i = 6 + -4. Suppose -2*z + 260 = i*z. Suppose x = -2*k + 43, -2*x - z = -5*k + 47. Is k a composite number?
True
Let j be (12 - 3)/(-3) - -5. Let f(g) = -30*g**2 - 4*g - 5. Let x(q) = -91*q**2 - 13*q - 16. Let a(i) = j*x(i) - 7*f(i). Is a(-2) prime?
False
Let s be ((-6)/5)/(3/10). Let d(u) = u**3 + 3*u**2 - 2*u - 2. Let l be d(s). Let m = l - -17. Is m composite?
False
Let d = 505 + -334. Is 3/(-6) - d/(-2) composite?
True
Let j be (4/6)/(1/(-3)). Let r(v) = -68*v + 2. Let t be r(j). Is t/10 - 2/(-10) prime?
False
Let g = 253 - 26. Let t = 20 + g. Is t a composite number?
True
Let g(a) = -2*a + 5*a**2 + 0*a + 5 - 7*a. Let p(x) = x**2 + 6*x + 8. Let r be p(-6). Is g(r) prime?
False
Let i(c) = -c**3 - 5*c**2 + 4*c + 2. Let s be i(-4). Is -2 - s - (0 + -3) a composite number?
False
Suppose 5*u - 6 - 14 = 0. Suppose 0 = 2*l - 42 - 114. Suppose l = -u*s + 786. Is s a prime number?
False
Suppose -5*r + 2*i + 543 = -4*r, 4*r - 5*i - 2157 = 0. Is r composite?
True
Let x = 5642 - -7569. Is x a prime number?
False
Suppose 2*v = 10, v - 34 = 4*l - v. Let y = l + 25. Is y prime?
True
Suppose i + i = 10. Suppose -i*j + 132 = -j. Is j composite?
True
Let c(m) = -9*m**3 - 2*m - 1. Suppose -5*u - 2*p = p + 20, -5*u = -p. Is c(u) composite?
True
Let w(s) = 21*s**2 - s. Let a be w(2). Let f = 175 - a. Is f composite?
True
Let n = -276 - -497. Is n prime?
False
Let n be (-10)/3 - (-8)/(-12). Is -8*2*1/n a composite number?
True
Let u = 31 + 28. Let b = 58 + -92. Let l = u + b. Is l prime?
False
Suppose -3*n + 5*s = 2, -11 = -n + 3*s - 5. Let x be (3/n)/((-1)/9). Suppose -x*f - 3*a = -84, a + 15 = -4*a. Is f a composite number?
False
Suppose 0 = 2*u + 3*u - 2705. Is u a composite number?
False
Suppose 8*g + f - 11 = 3*g, 4*g - 16 = f. Suppose -50 = -g*w + 16. Is w prime?
False
Let k = 2 - 35. Let g = 6 - k. Is g composite?
True
Is (3 - 1)*(-1477)/(-14) composite?
False
Let v(c) = -c - 7. Let m be v(-10). Let z be 2497/7 + 2/7. Suppose -m*d + z = -0*d. Is d prime?
False
Let x(q) = -2*q + 3 - 6 + q**2 + 0. Let f be x(4). Suppose 3*m = -2*m + 3*j + 58, -5*j = -f*m + 60. Is m composite?
False
Let d(c) = -2*c + 1. Let k be d(-2). Suppose -k*t = -2*t - 207. Is t prime?
False
Suppose -4*j - 20 = -0*j, 3*s - 4*j - 3671 = 0. Is s prime?
True
Let n(d) = 2*d - 3*d**3 + 1 + 11 - 6*d**2 + 3. Is n(-8) a prime number?
True
Suppose -3*g = -107 - 130. Suppose -4*q = -g + 3. Is q a composite number?
False
Let v be (-1 - 1) + 3 + -28. Let b = 63 + v. Let g = b - 14. Is g a composite number?
True
Let u(s) = -s**2 - 7*s - 7. Let o be u(-5). Let g be 0 - 1 - (-18 - -2). Suppose o*h - g - 54 = 0. Is h a prime number?
True
Let t = -197 - -131. Is (t/(-4))/(12/16) composite?
True
Let x = 2 - -2. Suppose -w = w - 4*o - 42, -71 = -x*w - 5*o. Is w composite?
False
Suppose g + 5 = -4*y, 4*g = g + 2*y + 41. Suppose 3*c = 2*d + 9, d = 4*d - 4*c + g. Suppose 235 = 2*w + d*w. Is w a prime number?
True
Let y(z) = 2*z**3 + 2*z**2 - 7*z - 5. Let n(w) = w**2 + w. Let i(g) = -3*n(g) - y(g). Is i(-8) a prime number?
True
Suppose -3*m - 116 = -446. Suppose m = -3*t - 2*t. Let u = -13 - t. Is u a composite number?
True
Suppose 6*d - d = -4*o + 177, 2*d - 76 = o. Suppose -6*s + s + 20 = 0, -4*s - d = -i. Is i a prime number?
True
Let k = 803 + -430. Is k composite?
False
Is (-2200)/(-14) + 3/(-21) a composite number?
False
Let q = -23 - -33. Suppose -p - j - 2*j - q = 0, 20 = -5*j. Suppose 2*s - p = 0, -3*s + 205 + 33 = 5*v. Is v prime?
True
Let m(i) = 2*i**2 - 27*i + 15. Let g(h) = -3*h**2 + 41*h - 23. Suppose 3*j = -b + 4, 4*j - 7 = -4*b + 3*b. Let q(f) = b*g(f) - 8*m(f). Is q(8) a prime number?
True
Let h(i) = -3*i**3 - i**2 - i. Let n be h(-1). Suppose 0 = -n*p + p + 154. Is p a composite number?
True
Suppose -4*z = -1606 - 3990. Is z a prime number?
True
Let y = -674 + 1226. Suppose -3*q + 4*a = -811, 2*q + a + 15 = y. Is q composite?
False
Is 3*-1 + 482 + 6 a composite number?
True
Let j(y) = 7*y - 6. Let u be j(6). Suppose -c + 1 = -u. Is c prime?
True
Suppose 0 = -5*p - g + 255 + 41, -3*p + 5*g = -172. Is p composite?
False
Suppose 3*t = t + 4. Suppose -5*u = t*l + l - 950, 15 = 3*l. Suppose 5*j + y - u = 0, -5*y - 64 = -2*j - 0*j. Is j composite?
False
Is (2 + 1)/((-1)/((-5259)/9)) composite?
False
Let u(f) = -2*f**3 - f**2 - 4*f + 1. Let x be u(-3). Suppose -5*n + 4*r + 110 = 0, -3*n + 4*r = -0*r - x. Is n a prime number?
False
Let y = -4 - -5. Let p = 114 - y. Is p prime?
True
Let j be (2/4)/(1/6). Suppose x + 16 = 2*m, 0 = j*m + 2*x - 2 - 8. Is m/4*(0 + 2) a composite number?
False
Suppose -22 = -2*x - 2*i, x = -0*x + 2*i + 17. Is x a composite number?
False
Let r(i) = -2 - 5*i - i**2 + i + 2*i**2 + 3*i. Suppose -4 + 12 = 2*q. Is r(q) a composite number?
True
Let q = 22 - 16. Suppose 0 = 2*r - 68 - q. Is r prime?
True
Let o be 2/8 + 15/4. Let d = o + -1. Suppose -105 = d*k - 264. Is k a prime number?
True
Suppose l - 2*w - 3 + 1 = 0, 0 = 4*l - w - 1. Suppose l = -4*m + 188 + 88. Is m prime?
False
Let u(x) = 10*x**3 - 3*x**2 + x + 1. Let b be u(3). Suppose 4*c - b - 173 = 0. Suppose -6*p = -p - c. Is p a prime number?
False
Suppose 0 = i - 2*i. Suppose 5*q + 2*g = -i*g + 179, -45 = -q - 5*g. Is q a prime number?
False
Suppose -3*w + 6 = -6. Let k = -1 + w. Suppose -5*y = 3*r - 191, -r + 187 = 2*y + k*y. Is y a composite number?
False
Is (2433/12 + 0)*28 composite?
True
Let i(w) = 45*w**2 - w - 8. Is i(-6) a prime number?
False
Suppose -484 - 727 = -i. Is i a composite number?
True
Suppose -5*u + 28 = -3*x, -5*x - 42 = -3*u - 6. Let r be (8/5)/(10/25). Is 285/9 + r/x prime?
True
Suppose 0 = -4*h + j - 21, -1 = -2*j - 7. Is 19 - (-5)/((-10)/h) a composite number?
True
Is (-22)/55 + (-3502)/(-5) + 3 composite?
True
Let p = 19 + -7. Suppose -y - p = -4*y. Suppose -3*b + 26 + y = 0. Is b a composite number?
True
Suppose 0 = -0*r + r - 32. Let a(d) = 38*d - 6. Let g be a(4). Suppose 2*b = -r + g. Is b prime?
False
Let v(d) = d**3 - 2*d - 1. Let x be v(2). Let u(y) be the second derivative of y**5/10 + y**4/12 - y**3/2 - y**2/2 + 2*y. Is u(x) a composite number?
False
Let s(n) be the first derivative of 7*n**2/2 + n + 2. Let y be s(5). Let t = y + -11. Is t a prime number?
False
Is 4/14 + (-354666)/(-182) a prime number?
True
Is (-56969)/(-121) - ((-4)/22 + 0) a prime number?
False
Suppose -6*g = 3*g - 4743. Is g a composite number?
True
Let x be (-14 + 16)*(-3)/(-2). Suppose i + 2*z - 803 = -4*i, 4*z + 487 = x*i. Is i prime?
False
Suppose 1675 = 4*h + h. Suppose 0 = -5*i - 0*i + h. Is i a composite number?
False
Suppose -3*v - 2*c + 1 = -16, 0 = -2*v - 5*c + 26. Suppose v*p - z - 31 = -0*z, 2*p = -3*z + 6. Suppose -2*k + 17 +